1 - 1) - -1?
33
Evaluate -35 - (-105 + -16) - 23.
63
Calculate (43 - (36 + -7)) + -6.
8
What is (-8 - -18) + 24 - -81 - (3 + 8)?
104
Evaluate ((-18 - -19) + -6 + 10 - 13) + (1 - 24).
-31
What is the value of 30 + 22 + -28 + -10 - 76?
-62
Evaluate (0 + -1 - 1) + -10 + (3 - 13).
-22
Calculate 47 + -26 + -18 + (-3 - -9).
9
Evaluate (6 - (5 + (-165 - -118 - (-4 - -1)))) + -4.
41
Calculate 45 + -73 + -4 + 12.
-20
35 - 51 - -65 - 36 - (32 + 1)
-20
30 + -2 + -11 + -6 + -18 + -2
-9
(-3 - 22) + (26 - -10 - 28)
-17
What is 52 - (4 - -65 - 56)?
39
What is the value of (3 - -1 - 4) + (-6 - -11) - -17?
22
Calculate 66 - (17 + -16 + 65).
0
-11045 + 10937 - (-161 - -1)
52
Calculate 6 - (16 - (4 - -11) - -8 - 25).
22
Evaluate 14 + -1 - (1 - (-44 - -28)) - 0.
-4
29 + (-39 - (35 - 13))
-32
What is 34 - -2 - (9621 - 9619 - (0 + 0 + -10))?
24
What is -2 + 5 - (-24 - (38 - 111))?
-46
Calculate 91 - (11 - ((-3 - 1 - 19) + 15)).
72
What is the value of (0 - 7) + (-51 - (3 - ((-2 - -28) + -14)))?
-49
Evaluate (3 - ((8 - 16) + -18)) + -11 - 63.
-45
What is (9 - (-1 + 1)) + (-20 - (-7 + -2 - -23))?
-25
What is (-4 - (-4 + 9 + 3 + -12) - -8) + -55?
-47
What is the value of (77 - 31) + 20 + 67?
133
Calculate -258 - -308 - (92 + 6).
-48
Calculate (-5 - 3) + ((-31 - -19) + -6 - (0 - -3)).
-29
What is the value of -14 - (-81 - (-46 - -2))?
23
What is the value of (6 - (79 - 63)) + 3 + 64?
57
What is the value of 57 + 0 - (3908 + -3903 - (-1 - 6 - -1))?
46
Calculate 153 - (41 + 47) - 111.
-46
Evaluate 63 - 67 - -25 - -6.
27
Calculate -6 - (-11 + -2 - (418 - 521)).
-96
Evaluate 21 + (-3 - (-19 + -1 + 11 + -5)).
32
-241 + 182 - (8 + (10 - 5))
-72
Evaluate -7 + 4 + 95 + 1 + (2 - (3 - -3)).
89
What is -28 + ((4 - 5) + 14 - (0 + 7))?
-22
Calculate 100 - ((74 - 68) + 116).
-22
64 + -1 + -9 + 2 + (36 - 48) + 24
68
What is -30 + -40 + 221 - 79?
72
What is the value of (-16 + -11 - -26) + 34 - -17?
50
Evaluate (-4193 - -4247) + -27 + -1.
26
Calculate -118 - (-56 - (-29 - (19 + -24))).
-86
Evaluate (7 - 35) + (-1 + (-1 - -3) - -1).
-26
Calculate -4 - ((-31 - (6 + -22)) + -8).
19
What is the value of -63 - ((9 - 66) + 9)?
-15
Evaluate 11 + -83 - -65 - (-4 - -17).
-20
What is -24 + -23 - -72 - ((1 - 1) + 4)?
21
Evaluate -12 - -43 - ((-48 - -48) + 2 + -1).
30
Evaluate -23 + -1 + (-140 - 35 - -197).
-2
-10 + (19 + 2 - 25) - -28
14
What is the value of (-5 - -5) + 2 + (-119 + 8 + -26 - -3)?
-132
Calculate 56 + (-127 - -27) + -51.
-95
Calculate (66 - 57) + -18 - (-43 - -2).
32
What is the value of 128 - (13 + 2 + 4 + -5 + -13)?
127
What is (-13 + 2 - 0) + 5 + 55?
49
-9 - -73 - -11 - (-3 - -16 - 15)
77
Calculate 6 + -12 - (-83 + 125).
-48
What is the value of -297 + 325 - (25 - -2)?
1
-13 + 2 + (4 - (-15 - -24) - 3)
-19
-3 - -1 - (-7 + -33 - (-170 + 59))
-73
What is 72 + -299 + 151 - 21?
-97
Evaluate 2 - (-22 + -3) - (24 + -11).
14
Calculate (-10 - -4 - -1) + (13 - 0) - (0 + -9).
17
What is (0 - -2 - -6) + -465 + 460 - 57?
-54
27 + ((30 - 11) + -106 - -28)
-32
-20 + 11 + 16 + -24 - -10
-7
(-28 + 25 - (-34 + 17)) + -79
-65
What is the value of (-1 + (11 + -1 - 11) - 6) + 44 + 7?
43
What is (-61 - -46) + -47 + 25?
-37
What is the value of 31 - (-8 - ((-26 - -22) + 20))?
55
What is -16 + -72 + (-39 + 44 - (7 - -2)) + -3?
-95
What is the value of -9 - -9 - 0 - (-13 + (0 - 11) + 135)?
-111
What is the value of -6 + 1 + (61 - 83)?
-27
Evaluate 8 + 15 - (139 + -74 + -59).
17
What is the value of 5 + 8 + 2 + -99 + 146?
62
What is the value of -4 + (-52 - -44 - -7 - (-10 + (0 - 2)))?
7
Evaluate -40 + 56 + -58 + 19.
-23
0 + 1 + 53 - -1 - ((-30 - -82) + -51)
54
What is 17 + -12 + -12 + (-4 + 12 - -3) - 33?
-29
(-14 + -55 - -2) + (23 - 4)
-48
-385 + 427 + (2 - -1) - -1
46
What is (-7 + (44 - 17) - -30) + -5?
45
What is 2 + 1 - -43 - 111?
-65
Evaluate -31 + 11 + -5 + -19 + -12.
-56
What is -15 - (421 + -404 + -24 + 2)?
-10
(32 - 134) + 42 + 45
-15
What is the value of 114 - 111 - ((-1 - (7 + -1)) + 9)?
1
What is 1 - ((-212 - -199) + 23 + -2)?
-7
Calculate 37 - 0 - (67 + -6 - 43) - -101.
120
Evaluate 0 - ((-2 - 56) + 27 - -34).
-3
Evaluate 2 - -38 - 38 - -12.
14
Evaluate -24 + (14 + 9 + -7 + -7 - 4).
-19
0 + -14 + 20 + -2 + 27 + -15
16
Calculate (60 - (33 + 70)) + -6.
-49
What is (-29 - -1) + (22 - 2) + -6 + -12?
-26
Calculate -77 - (-111 + (31 - -27)).
-24
What is -7 - (-10 + -1 + 1 + 9)?
-6
Calculate (3 - 12) + 24 + 1 + (1 - -3 - 0).
20
What is the value of -1 - -24 - -4 - (522 - 457)?
-38
Calculate -6103 + 6068 - (1 + -10).
-26
Evaluate 0 + 131 - (50 + -113 - -101).
93
140 + -125 + (-1 - (-5 + 2)) - -40
57
Calculate -77 + (2 - 9) - (-41 + 7).
-50
Evaluate 3 + -1 + -13 - (-12958 + 12995).
-48
9 + -27 + -10 + -131 + 180
21
(-20 - -3) + -9 + 34 + (2 - (2 + -53))
61
What is 16 - (0 + -2) - (-16 + (4 - -21)) - -14?
23
Evaluate 35 + (-70 - (-10 + 14)).
-39
Calculate 3417 - 3366 - (2 - 2 - 29).
80
What is -96 - (-41 + 19) - -23?
-51
Evaluate -10 + 14 + (16 - (-117 + -2)) + 0 + -8.
131
What is the value of 47 - (27 - 47 - (-14 + 1))?
54
Evaluate 93 - ((-13 + 1 + -2 - -2) + 27).
78
What is the value of -13 - (4 + -5 - -12 - (73 + -56)) - 37?
-44
Calculate -63 + 33 + 5 - -122 - (-1 + 9 + 1).
88
What is -28 + 30 - (0 - 0) - (0 + 40)?
-38
What is -12 - (3 - (12 + (1 + -1 - 8) - -1))?
-10
What is (3 - 1 - -64) + -2 - (23 - (97 - 73))?
65
Calculate (0 - -94) + (20 - (12 - (15 - 5 - 5))).
107
What is the value of 1 + 115 + -6384 + 6339?
71
What is (-858 - -949) + (-51 - 1)?
39
(-2 - -6) + -38 - (9 + (-5 - 8))
-30
What is -16 - ((-7 - (17 - 5)) + (-16 - -113))?
-94
What is the value of 66 + -79 - (-41 + -9 + 1)?
36
60 + (-4 - (-2 - -2) - (-89 - -99))
46
What is the value of -29 + (-31 - (103 + -108))?
-55
What is 31 - (26 + (35 - 46) + 22)?
-6
Evaluate 11 - (109 - ((8 - 2) + (-3 - 11))).
-106
Calculate 4784 - 4849 - (-72 - -1).
6
What is the value of 1 - ((0 - 19) + -40 + 2)?
58
Evaluate (-119 - 43 - -55) + 13 + 2.
-92
Calculate 10 + (28 - (10 - 0) - 11) + -21.
-4
-12 - (35 + (-102 - -91 - (1 + -11)))
-46
Calculate 48 - (-19 - (16 + -2 - 32 - -11)).
60
Evaluate -34 - (-40 + 44 + -37).
-1
Calculate 21 + -114 + 14 + 0 + (-8 - -11 - 7).
-83
What is 12 + (2 - -6) - ((7 - -5) + -5)?
13
What is the value of -3 - (3 - (-116 + 102 + (2 - -10)))?
-8
What is 88 + -6 + 1 - (-2 - 22 - -24)?
83
Calculate 2 + -8 + 5 + 5 + -43 - -3.
-36
What is (-19 - -70 - (8 - (-2 - 0))) + 0?
41
Evaluate 13 + (28 - 50) - -28 - 29.
-10
Calculate 2 - (0 - -4) - -19 - (-22 + 18).
21
What is the value of (1 - -3 - 3 - -9) + -16 + -51 + 1?
-56
Calculate -74 + -6 - (-448 + 393).
-25
What is 21 - ((-68 - -80) + 1 + -30)?
38
Calculate (-338 - -367 - (30 - -2)) + 72.
69
Calculate 5 + -11 + -6 + 8 + -7 + -1.
-12
-29 + 1 + -1 + -16 + (475 - 465)
-35
What is -178 - -151 - ((2 - 7) + -5 + 0)?
-17
70 - (-79 + 171 + 89)
-111
Evaluate -70 + 2 + 1 + -4 + (-156 - -321 - 172).
-78
(76 - 69) + -8 + (7 - 3) + -1
2
Calculate (18 - 8) + -6 + -10 - (3 - -8).
-17
4 + -7 + (1 - (1 + 9) - (6 + -22))
4
What is -33 + 10 + -26 - (-9 - 9)?
-31
What is the value of (9208 - 9213) + 1 + (-1 - 10)?
-15
Evaluate -7 + (48 - -15) + (-45 + 42 - (-2 + -9)).
64
What is the value of 13 + 10 + -73 - -48?
-2
(-41 - 37 - -60) + 12
-6
-4 - ((23 - 19 - (10 + -3)) + 44)
-45
Evaluate 13 + -23 + 13 + -17 + (3 - 26).
-37
What is the value of (703 - 647) + (2 - 0) - 12?
46
What is the value of 0 + -2 + -6 + 14 + (-60 - -58) + 103?
107
Calculate (5 - 3) + -31 - (-1087 + 977).
81
What is 31 - (-12 + 9) - 61?
-27
Calculate -46 - (-28 - 7 - -10 - (1 + -17)).
-37
Evaluate -3 + 7 + -31 - (4 - 6 - (4 + 0)).
-21
What is 44 + (-58 + 57 - 18)?
25
What is 2 + 71 + 53 + -119?
7
Calculate 11 - 4 - 10 - (683 + -610).
-76
Evaluate -5 - (-19 + -1 + 13 + 37 + -87).
52
Calculate 252 + -303 - (16 + -113).
46
Calculate -122 + -65 + (-107 - -243).
-51
What is (-1 - 8) + (-13 - (-3 - (7 - 16)) - -7)?
-21
Calculate (4 + -8 + 20 - 4) + 0.
12
What is the value of (2 - -9 - 0 - (20 + -72)) + -9 + 11?
65
Calculate -15 + -10 + (4 + -16 + 17 - 9).
-29
Evaluate 0 + 0 - (6 - -21 - 45).
18
Evaluate 96 - (11 - (-9 + (13 - 15) + 8)).
82
What is the value of -1 - -14 - (-106 - -92)?
27
-7 + -18 + (4 - -8) - (27 + 1)
-41
Calculate 1571 + -1580 + (-65 - ((-7 - 0) + 4)).
-71
Evaluate (-13 - (-4 + 9 + -5)) + 356 + -432.
-89
Evaluat